{"id":2,"date":"2025-08-21T09:09:37","date_gmt":"2025-08-21T09:09:37","guid":{"rendered":"https:\/\/olawrzesinska.pl\/sklep\/?page_id=2"},"modified":"2025-10-07T11:17:29","modified_gmt":"2025-10-07T11:17:29","slug":"metody","status":"publish","type":"page","link":"https:\/\/olawrzesinska.pl\/sklep\/metody\/","title":{"rendered":"Metody p\u0142atno\u015bci"},"content":{"rendered":"\n<p><\/p>\n\n\n\n<p>Sklep nie przyjmuje p\u0142atno\u015bci got\u00f3wkowych, za pobraniem ani przelew\u00f3w tradycyjnych \u2013 <strong>wszystkie p\u0142atno\u015bci realizowane s\u0105 wy\u0142\u0105cznie online poprzez system Tpay<\/strong>.<\/p>\n\n\n\n<p>Sklep <strong>olawrzesinska.pl\/sklep<\/strong> oferuje <strong>jedn\u0105 bezpieczn\u0105 metod\u0119 p\u0142atno\u015bci<\/strong> \u2013 <strong>p\u0142atno\u015b\u0107 online za po\u015brednictwem systemu Tpay<\/strong>.<\/p>\n\n\n\n<p>Operatorem p\u0142atno\u015bci jest:<br><strong>Krajowy Integrator P\u0142atno\u015bci S.A. (Tpay)<\/strong><br>ul. \u015aw. Marcin 73\/6, 61-808 Pozna\u0144,<br>NIP: 7773061579, REGON: 300878437,<br>wpisana do rejestru przedsi\u0119biorc\u00f3w KRS pod numerem 0000412357.<\/p>\n\n\n\n<p>P\u0142atno\u015bci dokonywane s\u0105 w spos\u00f3b <strong>natychmiastowy<\/strong>, za pomoc\u0105:<\/p>\n\n\n\n<p>szybkich przelew\u00f3w internetowych (pay-by-link),<\/p>\n\n\n\n<p>kart p\u0142atniczych (Visa, Mastercard),<\/p>\n\n\n\n<p>BLIK,<\/p>\n\n\n\n<p>portfeli elektronicznych (je\u015bli dost\u0119pne w Tpay).<\/p>\n\n\n\n<p>W momencie sk\u0142adania zam\u00f3wienia Kupuj\u0105cy zostaje przekierowany na <strong>bezpieczn\u0105 stron\u0119 p\u0142atno\u015bci Tpay<\/strong>, gdzie dokonuje zap\u0142aty.<\/p>\n\n\n\n<p>Po poprawnym dokonaniu p\u0142atno\u015bci Kupuj\u0105cy otrzymuje potwierdzenie transakcji oraz wiadomo\u015b\u0107 e-mail z informacj\u0105 o realizacji zam\u00f3wienia.<\/p>\n","protected":false},"excerpt":{"rendered":"<p>Sklep nie przyjmuje p\u0142atno\u015bci got\u00f3wkowych, za pobraniem ani przelew\u00f3w tradycyjnych \u2013 wszystkie p\u0142atno\u015bci realizowane s\u0105 wy\u0142\u0105cznie online poprzez system Tpay. Sklep olawrzesinska.pl\/sklep oferuje jedn\u0105 bezpieczn\u0105 metod\u0119 p\u0142atno\u015bci \u2013 p\u0142atno\u015b\u0107 online za po\u015brednictwem systemu Tpay. Operatorem p\u0142atno\u015bci jest:Krajowy Integrator P\u0142atno\u015bci S.A. (Tpay)ul. \u015aw. Marcin 73\/6, 61-808 Pozna\u0144,NIP: 7773061579, REGON: 300878437,wpisana do rejestru przedsi\u0119biorc\u00f3w KRS pod numerem [&hellip;]<\/p>\n","protected":false},"author":1,"featured_media":0,"parent":0,"menu_order":0,"comment_status":"closed","ping_status":"closed","template":"","meta":{"footnotes":""},"class_list":["post-2","page","type-page","status-publish","hentry"],"jetpack_sharing_enabled":true,"_links":{"self":[{"href":"https:\/\/olawrzesinska.pl\/sklep\/wp-json\/wp\/v2\/pages\/2","targetHints":{"allow":["GET"]}}],"collection":[{"href":"https:\/\/olawrzesinska.pl\/sklep\/wp-json\/wp\/v2\/pages"}],"about":[{"href":"https:\/\/olawrzesinska.pl\/sklep\/wp-json\/wp\/v2\/types\/page"}],"author":[{"embeddable":true,"href":"https:\/\/olawrzesinska.pl\/sklep\/wp-json\/wp\/v2\/users\/1"}],"replies":[{"embeddable":true,"href":"https:\/\/olawrzesinska.pl\/sklep\/wp-json\/wp\/v2\/comments?post=2"}],"version-history":[{"count":2,"href":"https:\/\/olawrzesinska.pl\/sklep\/wp-json\/wp\/v2\/pages\/2\/revisions"}],"predecessor-version":[{"id":142,"href":"https:\/\/olawrzesinska.pl\/sklep\/wp-json\/wp\/v2\/pages\/2\/revisions\/142"}],"wp:attachment":[{"href":"https:\/\/olawrzesinska.pl\/sklep\/wp-json\/wp\/v2\/media?parent=2"}],"curies":[{"name":"wp","href":"https:\/\/api.w.org\/{rel}","templated":true}]}}